{"id":1445,"date":"2025-01-09T09:06:49","date_gmt":"2025-01-09T09:06:49","guid":{"rendered":"https:\/\/seaglow.eu\/?post_type=tribe_events&#038;p=1445"},"modified":"2025-01-09T09:06:49","modified_gmt":"2025-01-09T09:06:49","slug":"mission-restore-our-ocean-and-waters-forum","status":"publish","type":"tribe_events","link":"https:\/\/seaglow.eu\/et\/event\/mission-restore-our-ocean-and-waters-forum\/","title":{"rendered":"Missioon Restore Our Ocean and Waters Forum\u00a0"},"content":{"rendered":"<p><strong>Missioon Restore Our Ocean and Waters Forum<\/strong><\/p>\n<p>Euroopa ookeanip\u00e4evad on n\u00e4dala pikkune \u00fcritus, mis koosneb mitmetest d\u00fcnaamilistest ja omavahel seotud merendusteemalistest istungitest.<\/p>\n<p>SEAGLOW osaleb missiooni \"Taasta meie ookeanid ja veed\" kolmandal iga-aastasel foorumil, mille eesm\u00e4rk on teha kokkuv\u00f5te missiooni edusammudest ja peamistest saavutustest, mobiliseerida asjaomased osalejad missiooni peamiste eesm\u00e4rkide saavutamiseks ning arutada vajadusi ja strateegilisi samme missiooni 2030. aasta eesm\u00e4rkide saavutamiseks. \u00dcritusel tutvustatakse missiooni raames v\u00e4lja t\u00f6\u00f6tatud uuenduslikke ja konkreetseid lahendusi, mis aitavad kaasa missiooni eesm\u00e4rkide saavutamisele, arutatakse, kuidas peamised sidusr\u00fchmad, nagu piirkonnad, kohalikud omavalitsused ja erasektor, on kaasatud missiooni rakendamisse ning kuidas mobiliseeritakse erinevaid rahastamisv\u00f5imalusi, et toetada lahenduste laiendamist ja kasutuselev\u00f5ttu missiooni eesm\u00e4rkide saavutamiseks. \u00dcritus annab v\u00f5imaluse arutada missiooni strateegilist r\u00f5huasetust l\u00e4hiaastatel ning vajalikke samme missiooni raames v\u00e4ljat\u00f6\u00f6tatud uuenduslike lahenduste laiendamiseks, levitamiseks ja kasutuselev\u00f5tuks. Lisaks on see platvorm, kus saab uurida, kuidas missioon saab aktiivselt kaasa aidata ELi tulevastele prioriteetidele, sealhulgas ookeanipaktile. Kogu n\u00e4dala jooksul toimuvad mitmed missiooniga seotud \u00fcritused.<\/p>\n<p><a href=\"https:\/\/maritime-forum.ec.europa.eu\/theme\/governance\/european-ocean-days_en\">LISAINFO JA REGISTREERIMINE SIIN<\/a><\/p>","protected":false},"excerpt":{"rendered":"<p>Mission Restore Our Ocean and Waters Forum The European Ocean Days is a week-long event with a series of dynamic and interconnected sessions relevant to maritime topics. SEAGLOW will attend [&hellip;]<\/p>\n","protected":false},"author":2,"featured_media":1447,"template":"","meta":{"_tribe_events_status":"","_tribe_events_status_reason":"","footnotes":""},"tags":[],"tribe_events_cat":[],"class_list":["post-1445","tribe_events","type-tribe_events","status-publish","has-post-thumbnail","hentry","has-post-title","has-post-date","has-post-category","has-post-tag","has-post-comment","has-post-author",""],"_links":{"self":[{"href":"https:\/\/seaglow.eu\/et\/wp-json\/wp\/v2\/tribe_events\/1445","targetHints":{"allow":["GET"]}}],"collection":[{"href":"https:\/\/seaglow.eu\/et\/wp-json\/wp\/v2\/tribe_events"}],"about":[{"href":"https:\/\/seaglow.eu\/et\/wp-json\/wp\/v2\/types\/tribe_events"}],"author":[{"embeddable":true,"href":"https:\/\/seaglow.eu\/et\/wp-json\/wp\/v2\/users\/2"}],"version-history":[{"count":4,"href":"https:\/\/seaglow.eu\/et\/wp-json\/wp\/v2\/tribe_events\/1445\/revisions"}],"predecessor-version":[{"id":1450,"href":"https:\/\/seaglow.eu\/et\/wp-json\/wp\/v2\/tribe_events\/1445\/revisions\/1450"}],"wp:featuredmedia":[{"embeddable":true,"href":"https:\/\/seaglow.eu\/et\/wp-json\/wp\/v2\/media\/1447"}],"wp:attachment":[{"href":"https:\/\/seaglow.eu\/et\/wp-json\/wp\/v2\/media?parent=1445"}],"wp:term":[{"taxonomy":"post_tag","embeddable":true,"href":"https:\/\/seaglow.eu\/et\/wp-json\/wp\/v2\/tags?post=1445"},{"taxonomy":"tribe_events_cat","embeddable":true,"href":"https:\/\/seaglow.eu\/et\/wp-json\/wp\/v2\/tribe_events_cat?post=1445"}],"curies":[{"name":"wp","href":"https:\/\/api.w.org\/{rel}","templated":true}]}}

<p><strong>Missioon Restore Our Ocean and Waters Forum</strong></p>
<p>Euroopa ookeanipäevad on nädala pikkune üritus, mis koosneb mitmetest dünaamilistest ja omavahel seotud merendusteemalistest istungitest.</p>
<p>SEAGLOW osaleb missiooni "Taasta meie ookeanid ja veed" kolmandal iga-aastasel foorumil, mille eesmärk on teha kokkuvõte missiooni edusammudest ja peamistest saavutustest, mobiliseerida asjaomased osalejad missiooni peamiste eesmärkide saavutamiseks ning arutada vajadusi ja strateegilisi samme missiooni 2030. aasta eesmärkide saavutamiseks. Üritusel tutvustatakse missiooni raames välja töötatud uuenduslikke ja konkreetseid lahendusi, mis aitavad kaasa missiooni eesmärkide saavutamisele, arutatakse, kuidas peamised sidusrühmad, nagu piirkonnad, kohalikud omavalitsused ja erasektor, on kaasatud missiooni rakendamisse ning kuidas mobiliseeritakse erinevaid rahastamisvõimalusi, et toetada lahenduste laiendamist ja kasutuselevõttu missiooni eesmärkide saavutamiseks. Üritus annab võimaluse arutada missiooni strateegilist rõhuasetust lähiaastatel ning vajalikke samme missiooni raames väljatöötatud uuenduslike lahenduste laiendamiseks, levitamiseks ja kasutuselevõtuks. Lisaks on see platvorm, kus saab uurida, kuidas missioon saab aktiivselt kaasa aidata ELi tulevastele prioriteetidele, sealhulgas ookeanipaktile. Kogu nädala jooksul toimuvad mitmed missiooniga seotud üritused.</p>
<p><a href="https://maritime-forum.ec.europa.eu/theme/governance/european-ocean-days_en">LISAINFO JA REGISTREERIMINE SIIN</a></p>
